ainder when s is divided by 21/9*(-15)/(-5).
1
Let x = -388 + 453. Calculate the remainder when 128 is divided by x.
63
Let c = -75 + 98. What is the remainder when c is divided by 12?
11
Suppose 31*o = 29*o + 50. What is the remainder when 147 is divided by o?
22
Suppose 0 = -r + 4, -3*z + 77 + 12 = 2*r. Calculate the remainder when 269 is divided by z.
26
Suppose -30 = 19*z - 22*z. Suppose 4*x = z*x - 120. Let p = 191 + -112. What is the remainder when p is divided by x?
19
Suppose 3*v - 266 = -5*y + v, 2*y = -3*v + 113. Calculate the remainder when y is divided by ((-15)/(-4))/(12/64).
12
Suppose -2*b = 4*c + 8, -c - 3*b - 12 = -5*c. Let h be c/((-2)/(-1)*1). Calculate the remainder when 2/8*h - -19 is divided by 10.
9
Suppose -53*g = -63*g + 2990. What is the remainder when g is divided by 60?
59
Let k be (1 + 75/10)*-4. Let h = 53 + k. What is the remainder when 34 is divided by h?
15
Let v be (3 + (0 - 2))*(15 + -14). What is the remainder when 158 is divided by 4 + 0 + -2 + 21/v?
20
Let g = 314 - 304. Let p(x) = 9*x - 7. What is the remainder when p(5) is divided by g?
8
Suppose y + 10 = 12, 1058 = 4*j - y. Calculate the remainder when j is divided by 46.
35
Let t(b) = 6*b + 2. Let z be t(0). Suppose 4*r + z*x = 466, -6*r - 4*x + 468 = -2*r. Calculate the remainder when r is divided by 20.
16
Let y be 75 + (1 - 2)*0. Suppose 5*l = -25, -2*l = 3*k + l - y. Calculate the remainder when 148 is divided by k.
28
Suppose -3*g + 15 = -0*g. Suppose -60*p - 313 = -1033. Calculate the remainder when p is divided by g.
2
Suppose -4*z = 20, 74 = 4*i - 3*z - 269. What is the remainder when i is divided by (678/(-8))/(-3) + 27/36?
24
Suppose -4*t + 354 = 2*x, 3*t + 504 = 23*x - 20*x. Calculate the remainder when x is divided by 32.
11
Let u = 202 - 169. What is the remainder when 128 is divided by u?
29
Calculate the remainder when 295 is divided by (-672)/(-9) - 1/(-3).
70
Let r = 293 + -257. What is the remainder when r is divided by 4?
0
Let w = 6 + 8. Let h = 6922 + -6881. Calculate the remainder when h is divided by w.
13
Suppose -84 = -20*g + 21*g. Let r = -79 - g. Calculate the remainder when 19 is divided by r.
4
Let c(m) = -67*m**3 - m**2 - 3*m - 2. Let r(w) = -4*w**2 - 8*w**3 + 2*w + 0 + 10*w**3 - 1. What is the remainder when c(-1) is divided by r(3)?
21
Let f(s) = 6*s**2 + 5*s + 2. Let z be f(-2). Suppose 4*t - 2*p = 2*t + z, t = 3*p + 10. Calculate the remainder when 76 is divided by t.
6
Let r = 8 - -8. Suppose 4*k = r, -3*i + 172 + 21 = -5*k. Calculate the remainder when i is divided by 25.
21
Suppose -w - 3*y = -480, -5*w + 3*y + 2413 = 5*y. Calculate the remainder when w is divided by 61.
56
Calculate the remainder when 3 + ((-230)/(-30))/(1/3) is divided by 2.
0
Suppose 15*r - 80 = 7*r. Suppose -r*p = -5*p - 150. What is the remainder when p is divided by 12?
6
Suppose 156 = 4*c - 5*z + 10*z, -c = -3*z - 22. Calculate the remainder when 404 is divided by c.
30
Let m be (6/8)/(7/(-112)*-1). Calculate the remainder when 98 is divided by m/(-30) - (-2 + 42/(-5)).
8
Suppose -416 = -5*y - 46. Suppose 28 = 6*k - y. What is the remainder when k is divided by 10?
7
Suppose -11*d = -8*d - 12. Let f = 10 + -1. Let s(a) = -a**2 + 10*a - 6. Calculate the remainder when d is divided by s(f).
1
Suppose 8*y - 853 = 139. What is the remainder when y is divided by 33?
25
Suppose 0 = 78*j - 81*j + 18. What is the remainder when 48/(-9)*6/(-2) is divided by j?
4
Let f(b) = 29*b**3 - 3*b**2 + 2*b - 1. Let r(z) = z**2 + 8*z + 13. Let q be r(-6). Calculate the remainder when 103 is divided by f(q).
22
Let d(y) = -48*y + 8. Let u be d(-2). Suppose c + 5*x = -2*c + 78, 4*c + 4*x = u. What is the remainder when 101 is divided by c?
23
Suppose 3 = -y - 3*r, 0 = 4*y - 4*r - 81 + 13. Calculate the remainder when 149 is divided by y.
5
Suppose 792 = 7*u + 148. Suppose 0 = -3*v - v + u. Calculate the remainder when 112 is divided by v.
20
Let n(g) = g**2 - 3*g - 5. Suppose -2*u = -m + 49, 5*u + 184 = 12*m - 8*m. What is the remainder when m is divided by n(-4)?
18
Suppose -2*w = 2*w - 100. Suppose p = -j - 1, -4*j - p - 10 = -0*j. What is the remainder when w is divided by ((-26)/(-4))/(j*(-6)/36)?
12
Let f(v) = -29*v - 10. Let a be f(3). Let t = -47 - a. What is the remainder when t is divided by 17?
16
Let n be 28*(8 - 17)/(1*4). Let v = n + 115. What is the remainder when 153 is divided by v?
49
Let w(a) = a + 1. Let q(m) = 4*m - 15. Let o(n) = -q(n) + 2*w(n). Suppose 5*i - 4*k - 55 = 0, k + 2*k = -15. Calculate the remainder when o(-4) is divided by i.
4
Suppose 27*y - 22*y = 125. Calculate the remainder when 110 is divided by y + 2/(2/3).
26
Suppose 0 = -l - 5*t + 60, 0*l + 3*t = -3*l + 204. What is the remainder when l is divided by 36?
34
Let a(c) = c**3 + 12*c**2 + 27*c + 23. What is the remainder when a(-8) is divided by 11?
8
Let k = -6 - -10. Let h be (k/7)/(2/7). Calculate the remainder when (-183)/(-6) + h/(-4) is divided by 11.
8
Let b(a) = a**3 + 11*a**2 + 7*a - 23. What is the remainder when 94 is divided by b(-10)?
3
What is the remainder when 6/5*(285/10 + -6) is divided by 7?
6
Suppose 0 = 5*c + 25, -4*m + 112 = 3*c - 321. What is the remainder when m is divided by 59?
53
Let s(u) = -3*u**2 - 1 + 6*u**2 + 3 + 6*u - 8. What is the remainder when 193 is divided by s(-5)?
37
Let g(d) = -136*d**2 - d + 1. Let k be g(-3). Suppose 0 = -2*z - 4*i + 8, 10 - 24 = 4*z + 2*i. Calculate the remainder when k/(-24) - 1/z is divided by 13.
12
Suppose -3*p = p + 2*m - 30, p = 4*m + 30. Suppose 0 = 4*o - 2*o - 14. Suppose -4*z - 114 = -o*z. What is the remainder when z is divided by p?
8
Suppose -5*d + 165 = 3*k, 7*d - 2*d - k = 145. Let u = -5 + 13. What is the remainder when d is divided by u?
6
Let c = 37 + 3. Calculate the remainder when c is divided by (4 + (-35)/14)/(6/56).
12
Let k(v) = 17*v**2 - 3. Let h be k(2). Let a = -46 + h. Suppose 0 = 2*z - 5*c - 168, -3*c = -z - 0*c + 82. Calculate the remainder when z is divided by a.
18
Let t(k) = k**2 + 14*k + 27. Let u be ((-28)/(-3))/((-10)/15). Calculate the remainder when 47 is divided by t(u).
20
Suppose -10 = 5*l - 10*l, 0 = -5*v - 3*l + 461. Calculate the remainder when v is divided by 38.
15
Let o(v) = 14*v - 4. Let l(d) = -28*d + 8. Let j(k) = -2*l(k) - 5*o(k). Calculate the remainder when j(-7) is divided by 21.
18
Let y be 3 - (4/(-6))/((-2)/(-3)). What is the remainder when (7 + (-7 - -6))/(3/y) is divided by 4?
0
Suppose 4*u - 256 = -5*o, 134 = 2*u + 5*o - o. What is the remainder when u is divided by 32?
27
Let q be (-7 - -5) + 1/((-1)/19). Let g(m) = m**2 + 21*m + 10. Calculate the remainder when 99 is divided by g(q).
9
Let d(p) = 3*p**3 - 14*p**2 - 9*p + 39. What is the remainder when d(7) is divided by 81?
76
Let l = -12 + 97. Suppose -2*a = -3*k - 3*a + l, 2*a + 73 = 3*k. Suppose w - 160 = -w. Calculate the remainder when w is divided by k.
26
Let g = -51 - -137. Suppose 97 + 3 = 4*q + 6*q. What is the remainder when g is divided by q?
6
Let u(j) = 43*j**3 + j - 2. Let r be u(1). Suppose -3*k = d - r, 3*k = -3*d + 35 + 7. Calculate the remainder when k is divided by 9.
5
Let n = 47 + 36. Suppose -19*t + 26*t - 378 = 0. Calculate the remainder when n is divided by (21/9)/(6/t).
20
Let j = 71 + -19. Calculate the remainder when j is divided by 18.
16
Suppose -5*i = 3*y + 2*y - 10, 4*i + 8 = 4*y. Suppose v = -4*d - 8, y*v = -v + 4*d + 40. Let w(r) = 4*r - 4. What is the remainder when w(v) is divided by 15?
13
Suppose -p = -4*o + 2*o + 16, -5*p = -10. Let r(j) = j**3 + 3*j**2 - 3*j - 3. Calculate the remainder when o is divided by r(-3).
3
Suppose 6*w - 2*w = -q, 4*q + 5*w = 0. Suppose -4*h + 333 = 4*y - y, 0 = y + 4*h - 119. What is the remainder when y is divided by 21 + (5 - q) + 1?
26
Suppose 204*z - 208*z + 48 = 0. Let u = 36 - 52. Calculate the remainder when (u/(-3))/(3/18) is divided by z.
8
Suppose -3*x + 12 = 0, -t + 2*x - 15 + 74 = 0. What is the remainder when t is divided by 22?
1
Suppose 0 = 4*k - 0*d - d - 359, d + 450 = 5*k. Suppose 0 = -z + 4*f - f + 26, -3*z = -4*f - 73. Calculate the remainder when k is divided by z.
22
Suppose -26*f + 351 = -195. Calculate the remainder when 207 is divided by f.
18
Suppose f - 4*h = 11, 4*f - 36 = h - 7. Calculate the remainder when f